 4. What is w(n)?
-8
Let t be ((-2)/(-2))/((-1)/(-3)). Let b(h) = 5*h**3 + 0*h**3 + 0*h**t + 4*h + 4*h**2 - 4*h**3. Suppose 0 = -5*s - 14 - 1. Determine b(s).
-3
Let q = 1 - -1. Suppose 3*p - q = 4. Suppose 5*r = -4*h + 32, 0*r + p*h - 10 = -r. Let b(f) = -f**2 + 4*f - 1. Determine b(r).
-1
Let l(t) be the third derivative of 2*t**4/3 - 14*t**2. Let x(w) = w**3 - w**2 - w. Let i be x(-1). What is l(i)?
-16
Let d(h) = -8*h - 10*h**2 + 7*h**3 + 11 - 13*h + 17*h. Let z(x) = 6*x**3 - 9*x**2 - 3*x + 10. Let y = -9 - -4. Let q(l) = y*d(l) + 6*z(l). Calculate q(4).
13
Suppose 2*n = -3 - 3. Let w be (n/(-5))/(3/15). Suppose -w*f + 2*f - 5*h = 2, 0 = -5*f + 5*h - 10. Let m(l) = -l**3 - 2*l**2 - 1. What is m(f)?
-1
Let b(h) = -h**3 + 5*h**2 - 3*h - 4. Let q be b(3). Let k(m) = -m**3 + 5*m**2 - m + 2. Determine k(q).
-3
Let a(o) = 9*o**2 + 2*o + 1. Suppose 5*d + 35 - 30 = 0. Give a(d).
8
Suppose 4*y - 2 = 3*y. Let a(j) = -y*j**3 + 0*j + 3*j**3 + 1 - j. Let i(v) = -v**3 - 3*v**2 - v. Let b be i(-2). Give a(b).
-5
Let x be (-6)/((-14)/4 + 2). Let c(q) = 1 - 3 + 4*q + 4*q**2 + 3*q - q**3 + x. Calculate c(5).
12
Suppose 3*y = 2*y + 5. Let o(z) = -2*z - 1 + y*z - 2*z + 2. Suppose 2*i = i + 1. Determine o(i).
2
Let v(g) = -2*g + 3. Let u = 30 + -21. Let y = u - 12. What is v(y)?
9
Suppose -q + 2*t + 10 = 0, -2*t + 11 = 5*q + t. Suppose j = -q*j + 25. Let d(z) = 5*z**2 + 2*z + 2*z**3 + 43 - 3*z**3 - 47. Calculate d(j).
6
Suppose 2*f = 3*m + 2*m - 29, -m + 3 = f. Suppose 0*b + 10 = -m*b. Let j(l) = l**2 + 2*l + 2. Calculate j(b).
2
Let t(j) = j**2 - 6*j - 11. Let p be t(8). Let c(x) = -x - 1. Give c(p).
-6
Let t = -113 - -111. Let h(p) = -3*p**2 - 2*p - 3. Determine h(t).
-11
Let i(s) be the third derivative of -2*s**2 + 0*s + 0 - 1/12*s**4 - 2/3*s**3 + 1/60*s**5. Calculate i(3).
-1
Let g(y) = y**3 + y**2 - y + 4. Let o be (-1)/(-5) + (1 - (-36)/(-30)). Calculate g(o).
4
Let b(r) = -1. Let z(d) = d**2 + d - 4. Let y(t) = -4*b(t) + z(t). Let n(p) = -4*p**2 - 4*p - 7. Let v(s) = -n(s) - 5*y(s). Give v(0).
7
Suppose -3*l - 6 = 0, 7*m + 3*l = 4*m. Suppose -2*k + 4*o + 9 = -o, 3*k = -m*o + 4. Let f(n) = -3*n + 3. Give f(k).
-3
Suppose 17 = 5*m - 4*u, m + 2*u - u = -2. Let p = -3 + m. Let q(o) = -o**3 - o**2 - 3 - 2*o - 2*o + 2*o. Give q(p).
5
Let b(g) be the first derivative of 2*g - 1/2*g**2 + 7. Calculate b(6).
-4
Let x be ((-7)/(-3) + -2)*15. Let c(o) = -o**2 - 7*o - x + 3*o**2 - 3*o**2. Determine c(-6).
1
Let x(p) = -p. Let r(h) be the first derivative of h**2/2 - h + 3. Let s be (-16)/4 + (-1 - -4). Let o(v) = s*x(v) + r(v). What is o(-2)?
-5
Let h(k) = -3*k + 1. Let g = 9 - -6. Suppose -4 = -4*c - 2*a, 3*c - a - 5 = -2*a. Let j be (-1 + c/g)*-5. Give h(j).
-11
Let s(q) = -2 - 4*q**2 + q**3 - q + 0*q**3 - 2*q. What is s(5)?
8
Let h(r) = -r**2 - 4*r - 2. Suppose -5*n - 5*s + 0*s = 0, -2*s + 28 = -5*n. What is h(n)?
-2
Let o(q) be the second derivative of -q**4/12 - q**3/3 + q**2 - 7*q. Give o(-5).
-13
Let b(y) = -y + 7. Let d be b(5). Let k(o) be the first derivative of o**2/2 + 31. What is k(d)?
2
Let s(m) = -m**2 + 2*m. Suppose -3 = -2*y + 3. Let d(r) = -6*r**2 - 5*r - 8*r**y + 4*r + 7*r**3 - 6*r - 7. Let w be d(-5). What is s(w)?
-3
Let f(a) = -5*a**3 + 30*a**2 - 25. Let g(l) = l**3 - 6*l**2 + 5. Let u(i) = -2*f(i) - 11*g(i). What is u(6)?
-5
Let a(b) = -b**2 - b + 4. Let s be 34/3 + (-16)/(-24). Let f be 2/s + (-17)/(-6). Calculate a(f).
-8
Suppose 3*x = -x + 28. Suppose 4*u = -4*a - x - 9, -2*a + 2 = 0. Let m(l) = -l**3 - 5*l**2 + 1. Give m(u).
1
Let r(i) = -5*i + 1. Let d(o) = o - 1. Let v be d(2). Determine r(v).
-4
Let t be (-6)/(-21) - (-66)/14. Suppose n - t = -6. Let b(m) be the third derivative of m**5/60 + m**4/12 - m**2. Calculate b(n).
-1
Let s(n) be the second derivative of -1/2*n**2 + 4*n - 1/3*n**4 - 1/20*n**5 + 0 - 1/3*n**3. Suppose 14 = -5*x + 3*x - 4*f, -5*x - 17 = f. What is s(x)?
-4
Let k be 0 + -1 + 1 - -5. Let d(q) = 3*q - 5. Let v be (-3)/(-3) + (0 - -3). Let l(h) = -5*h + 9. Let w(s) = v*l(s) + 7*d(s). Give w(k).
6
Let t(m) = 21*m + 13. Let z(w) = 11*w + 7. Let g(b) = 6*t(b) - 11*z(b). Determine g(-1).
-4
Let x(q) be the second derivative of q**5/60 + 11*q**3/6 + q**2 + 2*q. Let b(g) be the first derivative of x(g). What is b(0)?
11
Let z(y) = -y + 6. Suppose -2*g - 2*s + 11 = -5*s, -37 = -5*g - 2*s. Determine z(g).
-1
Suppose 4*i - 10 = 10. Let r(y) be the first derivative of -3*y**2 + 1/3*y**3 + 0*y - 2. Determine r(i).
-5
Suppose 0 = -2*l + 3*y - 21, -l - 4*y + 7 = -2*y. Let o(g) = -2*g. Let h(x) = 4*x - 1. Let n(a) = 3*h(a) + 5*o(a). What is n(l)?
-9
Let x = 3 + -3. Let b(f) = 2 - 3*f**2 + 4*f**2 + x*f**2 - 3. Let s be b(1). Let t(i) = -i + 2. Give t(s).
2
Let a(v) be the third derivative of v**6/120 - v**5/60 + v**4/24 - v**3/6 - 8*v**2. Give a(2).
5
Let r(a) = 5*a - 2. Let d(j) = -9*j + 3. Let k(p) = -6*d(p) - 11*r(p). Determine k(0).
4
Let w(i) = -i - 9. Let r be 3/5 - (-86)/(-10). Let d be w(r). Let f(c) = -9*c**2 + 1. Calculate f(d).
-8
Let n(b) be the first derivative of b**3/3 - 4*b**2 + 9*b + 7. Determine n(6).
-3
Let f(v) = -3*v**2 - v + 3. Let c(o) = 5*o - 43. Let g be c(8). What is f(g)?
-21
Let y(s) = s - 4. Suppose 3*r = -0 - 3. Let z(a) = -5*a. Let k be z(r). Calculate y(k).
1
Let m(h) = h**3 - 11*h**2 + 9*h + 11. Suppose 5*f + 22 = q + 68, -4*q = -16. Give m(f).
1
Let g(n) = 2*n - 1. Suppose -5*o + 43 = i, -19 = -5*o + 2*i + 30. Suppose 2*z + 17 = -0*z - 5*h, 0 = z - h - o. Calculate g(z).
7
Let l(f) = -4*f - 1. Let o = 41 + -39. Give l(o).
-9
Let b(w) = w**2 + w - 2. Suppose 5*u - 4*i = -9, -9 = 4*u - 5*i - 0. Let d be 2 + -3 + (u - 1). Determine b(d).
4
Let i(h) = 22*h - 18. Let m(c) = 8*c - 6. Let q(u) = 3*i(u) - 8*m(u). Give q(5).
4
Let i(v) be the first derivative of -2 + 1/6*v**4 - v**2 + 2*v - 1/3*v**3. Let f(g) be the first derivative of i(g). Determine f(2).
2
Suppose 4*v = -0 + 8. Let b(m) be the first derivative of -4 - m**v + 3 + 3 + 3*m. Give b(5).
-7
Let z(q) = -9*q + 5 + 2*q - 3*q + 0. Let m(h) = -9*h + 4. Let a(p) = 4*m(p) - 3*z(p). Calculate a(-1).
7
Let w = 23 + -19. Let u(p) = -p**2 + p - 3. Calculate u(w).
-15
Let r(n) = -2 + n**2 + 0 - 4 + 4*n. Let s be r(-5). Let f(d) = -4*d**2 - 19 + 18 + 0*d**2 + 0*d**2. Give f(s).
-5
Let s(i) = 3*i**2 + 4*i. Let l be (2 - 1/(-1))/(-1). Let t be s(l). Suppose 6*o - 2*o = z + 16, o + t = 5*z. Let w(r) = -r**2 + 6*r - 1. Give w(z).
7
Let w(m) = 2*m**2 + m + 1. Let c be w(-1). Let n(s) = 0*s - 3*s + s**c - s. Let t be (-12)/54 + (-38)/(-9). Give n(t).
0
Let r(i) = -2*i**3 - 7*i**3 - i + 10*i**3 - 6 + 5*i**2 - i. Determine r(-5).
4
Suppose 2*m + 2*m = -20. Let u(j) = -j**2 - 7*j - 5. What is u(m)?
5
Let j(k) be the third derivative of k**4/8 - k**2. Let h(c) = -c**2 + 10*c + 10. Let o be h(11). Give j(o).
-3
Let m be 3/8*4*2. Let c(f) = m*f + 2 - 10*f**2 + 24*f**2 - 10*f**2. Give c(-2).
12
Let y(i) = -i + 9. Let z(b) be the second derivative of -b**3/2 - b**2 + 3*b. Let t be z(-2). Suppose 0 = 2*o + 5*j - 25, 0*j + 5 = -t*o + j. Calculate y(o).
9
Suppose -2*x = 5*n - 0*n - 6, 3*n - 6 = -2*x. Suppose -g - 4 = -6. Let h(a) = g*a**3 - 3 - a**3 + a + 0. What is h(n)?
-3
Let s(b) be the first derivative of -b**3/3 - 3*b**2/2 + 8*b + 1. Suppose 4*o = 3*r + 14, 8*r + 9 = 6*r + 3*o. Give s(r).
-10
Let b(i) be the second derivative of -i**4 - i**3/6 - 4*i. What is b(1)?
-13
Suppose 0 = 4*m - 2*f - 8, 8*f = -5*m + 5*f + 32. Let v(u) = 6*u**2 - 8*u. Let d(k) = k**2 - k. Let s(n) = 5*d(n) - v(n). What is s(m)?
-4
Let d(f) = 3*f**2 + 4*f. Let r(i) = -2*i**2 - 3*i. Suppose -4*n + 12 = 0, l = -l - 3*n - 1. Let j(x) = l*r(x) - 4*d(x). Give j(1).
-3
Let m(u) = 7*u - u - 4*u**2 - 3 + 2*u**3 - u - u. Give m(2).
5
Let b(m) be the second derivative of -m**3/3 + 3*m**2/2 - 8*m. Suppose -n + 3*n = 4. Give b(n).
-1
Let m(r) = -r**2 + 9*r + 1. Suppose 6*f = 62 - 20. What is m(f)?
15
Suppose -w = 4*w. Suppose w = 3*c - 4 + 1. Let l(p) = -7*p**2 - 4*p + 29 + 3*p - 28. What is l(c)?
-7
Let v(j) = -4*j + 1. Suppose 13 - 3 = 5*w. Suppose -2*l = -3*x + 7*x - 8, -w*x = 0. Suppose -2*s + l = -2. What is v(s)?
-11
Let o(a) = 10*a - 21. Let x(j) = -j + 3. Let k(w) = 2*o(w) + 14*x(w). Suppose -4 = 5*n - 14. Let y be (-1)/(2/n) - -2. Determine k(y).
6
Suppose -12 = 4*p, 2*p + 9 = -2*c - c. Let o(